of o?
2
Suppose 0*g = -g - 4*h - 7, -2*h - 31 = -5*g. Suppose -113 = -g*z - 3. Suppose 0*y + 2*s = -y + 12, s + z = 3*y. What is the units digit of y?
8
Suppose 0 = -2*u + 61 + 97. What is the tens digit of u?
7
Let j be (-16)/10*15/(-3). Let q = -5 + j. What is the units digit of q?
3
Let u = 56 + 18. What is the units digit of u?
4
Suppose 4*u - 355 = -u. What is the tens digit of u?
7
Suppose -2*i + x + 92 = -3*x, -124 = -4*i - 4*x. What is the units digit of i?
6
Suppose -8*j = -4*j - 132. What is the units digit of j?
3
Let t = 244 + -169. What is the tens digit of t?
7
Suppose 0*y = -4*s - 4*y - 4, 2*s - 6 = 2*y. Let r be 1/(1/s) - -17. What is the units digit of (-16)/(-12)*r/4?
6
Let p = -20 + 41. Let k be -2*(3/2 - 2). Let l = p - k. What is the tens digit of l?
2
Let k = -54 + 118. What is the units digit of k?
4
Suppose -4*n + 14 = 3*k, -n - 2*k = -5*k + 4. Suppose 12 = 4*q - n*h, -1 = -2*q - 3*h - 11. What is the units digit of q?
1
Let i(l) = 2*l**2 - l - 1. Let v be i(2). Let o(d) = 5*d - 2. What is the tens digit of o(v)?
2
Suppose 3 - 12 = -3*a. Suppose -58 = -5*h + 3*h - a*z, 3*h - 87 = 5*z. What is the tens digit of h?
2
Suppose z + 423 = 4*d, 4*z + 17 = 5. What is the units digit of d?
5
Suppose 0 = -6*g + 5*g. Suppose g = -5*o + 32 + 18. What is the units digit of o?
0
Suppose 3*g + 3*l + 27 = 6*g, -5*g = -4*l - 46. Let w be (-1 - -3)/(4/g). Suppose 3*m + 2 = -c, w*c + m - 18 = -0*m. What is the units digit of c?
4
Let n be ((-14)/(6 + -13))/(1*-1). Let l = -69 + 48. What is the tens digit of ((-112)/l)/(n/(-6))?
1
Let d = -25 + 48. Suppose g = d + 12. What is the units digit of g?
5
Suppose -n + 24 = -18. Suppose 2*b = 4*m + 36, -5*m - n = 4*b - 114. Suppose b = f + f. What is the units digit of f?
9
Let z = -3 + 3. Suppose 4*w - 5*q - 91 = 0, z*w + 35 = 2*w + q. What is the tens digit of w?
1
Let m = -3 + 5. What is the units digit of (8/10)/(m/45)?
8
Suppose -3*i = z - 23, -i - 3*z = 2*i - 33. Let u be i/(-27) + 320/(-18). What is the units digit of (u/(-15))/((-2)/(-15))?
9
Let x(g) = g + 7. Let v be x(-9). Let u be 2 - 2*(-5)/v. Let s = u + 8. What is the units digit of s?
5
Suppose 0 = 4*g + g - 40. Let n = g + -6. What is the units digit of n?
2
Let t(v) = 9*v**2 + 3*v - 1. What is the tens digit of t(2)?
4
What is the tens digit of (-8)/24 + 76/3?
2
Let s = 5 + 0. Suppose s*m = 126 + 94. What is the tens digit of (-8)/m - (-123)/11?
1
Suppose 4*l + 70 = 186. What is the tens digit of l?
2
Let m(b) be the third derivative of b**7/5040 - b**6/180 + b**5/30 + 2*b**2. Let h(o) be the third derivative of m(o). What is the units digit of h(7)?
3
Let a(l) = l - 2. Let o be a(2). Let z(s) = s**2 - s + 2. Let b be z(0). Suppose b = j - o*j. What is the units digit of j?
2
Suppose 15 = o + 4*o. Suppose -4*i + 3*w - 1 = 0, 2*w = o*i - 2*w + 6. What is the units digit of i?
2
Suppose 2*o - 2*t = 3*o + 1, 4*o + 5*t - 2 = 0. Suppose o*p - 7*p = 0. What is the units digit of 6/(p + 3) + 5?
7
Let g(h) = 0*h**2 - h**2 - 3 + 1 - 4*h. What is the units digit of g(-2)?
2
Let w(h) = -h**2 - 11*h - 7. Let f be w(-6). Suppose 5*b + 128 = f. What is the units digit of (-6)/b + (-66)/(-14)?
5
Suppose 5*z - x + 35 = 2*z, z - 2*x = -5. Let t = z - -21. Let b(l) = l**2 - 7*l - 6. What is the units digit of b(t)?
2
Suppose 2*c + 0 = 8. Suppose c*h = h + 48. What is the tens digit of h?
1
Let x = 15 + 41. What is the tens digit of x?
5
Let r(z) = z**3 + 7*z**2 + z - 3. Let a be r(-3). Suppose 4*q = -5*f + 17, 0 = -5*q - 4*f - 11 + a. Let n = q - 2. What is the units digit of n?
1
Suppose 2*q = 2*c, 0 = -4*q - 5*c + 38 - 2. Let i = -1 + q. What is the tens digit of 15 - (2 + -5)/i?
1
Let x(g) be the third derivative of g**6/120 + g**5/20 + g**4/12 - g**2. Let y be x(-3). What is the units digit of 4/y + (-22)/(-6)?
3
Suppose 4*o - o - 279 = 0. Suppose -8*a + o = -5*a. What is the tens digit of a?
3
Let m(d) = 2*d. Let p be m(4). Suppose 3*c - p*c = -110. What is the units digit of c?
2
Suppose 0 = -2*f - 7 - 7. Let x = -2 - f. Suppose 8 = 2*u + 3*c, -5*u + 66 = -x*c + c. What is the units digit of u?
0
Let i(o) = -o + 3. Let c be i(0). Suppose -3*z = k - 1, 2*z = -2*z - c*k - 7. Suppose -4*m = -2*y - 0*m - z, -4*y + 2*m = -14. What is the units digit of y?
5
Let n(l) = -2*l**2 + 2*l**2 + 2*l**2 - 1. Let i(w) = w**3 + 3*w**2 + w + 2. Let m be i(-3). What is the units digit of n(m)?
1
Let w(l) = l + 6. Let i be w(0). Suppose 3*q - 3 = 6. What is the units digit of (q + -4)/((-2)/i)?
3
Let i(j) = 3*j - 2. Let u be i(4). Suppose u = 3*g + 4. What is the units digit of g?
2
Let j(b) = b**3 - b**2. Let g be j(1). Suppose s + v - 8 = g, -2*s = -v - 0*v - 4. Suppose -3*r - m + s = 3*m, -3*m = 15. What is the units digit of r?
8
Let n(w) = -w**2 - 8*w - 1. Let k be n(-7). Let x be 34/6 - 4/k. Suppose o = x + 7. What is the units digit of o?
2
Suppose -5*t + 77 = 3*i, 2*t + i + i = 30. What is the units digit of t?
6
Let b = -80 - -183. What is the hundreds digit of b?
1
Suppose 2*k + 2*j - 18 = 0, -2*j + 36 - 3 = 5*k. Suppose b = k*b. Suppose 0 = -d - b + 8. What is the units digit of d?
8
Let o be (1 + -1)*(-1 - -2). Suppose 5*a + n - 99 = 0, -7*a + 102 = -2*a - 2*n. Suppose a = -o*y + 2*y. What is the tens digit of y?
1
Suppose 0*b - 5*b = 270. Suppose -193 = 5*t + 3*n, 2*n + 0*n - 188 = 5*t. Let d = t - b. What is the tens digit of d?
1
Suppose -r + 4*p = -130, r + p - 165 = -20. What is the hundreds digit of r?
1
Let d(g) = g - 2 + 5 + 9 + 0*g. What is the units digit of d(-5)?
7
Suppose 38 = 5*j - 37. What is the tens digit of j?
1
Let o(b) = -2*b + 4. Let v = -2 + -1. Let g be o(v). Suppose -g = -5*h - 0. What is the units digit of h?
2
Suppose -5*k = -3*r + 7, r - 18 = -2*k - 3*r. What is the units digit of k?
1
Suppose 0*y = -y + 10. What is the tens digit of y?
1
Suppose 0 = 2*s + 3*i - 10, 3*s - i - 2 = i. Suppose s*u - 6 = 2. Suppose 3*r - 80 = -r - 3*o, u*r - 5*o - 48 = 0. What is the tens digit of r?
1
Let d(v) be the second derivative of v**3/6 + 2*v**2 - 4*v. What is the units digit of d(3)?
7
Let p(h) = -17*h. What is the units digit of p(-3)?
1
Suppose 0 = -s - s + c + 32, -4*c + 70 = 3*s. What is the tens digit of s?
1
Suppose -u + 6*u = -15. What is the units digit of (u/(-12))/((-4)/(-656))?
1
Let m(c) = -c - 1 - 2*c**2 + 3 + 3*c**2 - 4. Let o be m(-3). What is the units digit of 13/5 + 4/o?
3
Let c(g) = -g**3 + 9*g**2 - 6*g + 8. What is the tens digit of c(8)?
2
Let w(d) = d**2 + 2*d + 3. Let t be w(-3). What is the units digit of ((-15)/t)/((-1)/2)?
5
Let f be ((-9)/6)/((-2)/16). Let g = 1 + f. What is the tens digit of g?
1
Let k(o) = -o**2 - o**3 - 1 - 3 + 3*o + 4. What is the tens digit of k(-4)?
3
Suppose -i - 6 = -3*i. Suppose -2*k + 244 = -4*f, -112 = -2*k + k - i*f. What is the tens digit of (-1)/(-4) - k/(-8)?
1
Suppose -z + 3*j + 26 = -42, 0 = 4*j - 20. What is the tens digit of z?
8
Suppose 135 = -8*m + 919. What is the units digit of m?
8
Suppose -3*v = -6*v + 36. Suppose 5*i - 67 + v = 0. What is the tens digit of i?
1
Let w(a) = 5*a**3 + 5*a**2 - 7*a + 5. What is the hundreds digit of w(3)?
1
Let w be (-2 + 2 + 2)*2. Suppose r + p = -w*p + 37, -p + 185 = 5*r. Let y = -20 + r. What is the tens digit of y?
1
Let m(q) = q**3 - 2*q**2 + q - 2. Let i be m(2). Suppose i = -x + 4*x. Suppose 3*r - 7*r + 12 = x. What is the units digit of r?
3
What is the tens digit of -4 - -1 - (-4 - 9)?
1
Let a(t) = 2*t + 2. Let d be a(-2). What is the tens digit of 12 + (d + -1)*-1?
1
Suppose 3*y - 5 = -3*q + 43, 0 = -5*q - 3*y + 88. What is the tens digit of q?
2
Let t(i) = -6 - 1 + 2*i - 1. Let h be t(7). Suppose 0 = -5*v + h - 1. What is the units digit of v?
1
Suppose -p = 4*a - 235, 3*p - 78 = -2*a + 47. What is the tens digit of a?
5
Let m(s) = 3*s**2 + 6*s + 16. Let b(v) = 5*v**2 + 13*v + 31. Let d(j) = 4*b(j) - 7*m(j). What is the units digit of d(11)?
1
What is the units digit of ((-12)/10)/(288/145 + -2)?
7
Let z(o) = o**3 - 8*o**2 - 7*o - 4. Let k be (3/(-2))/(1/(-6)). Suppose -36 - k = -5*q. What is the units digit of z(q)?
4
Let w(z) = 2*z**2 + 10*z + 7. Let q be w(-6). Suppose q = 4*x - 5. What is the units digit of x?
6
Let w = -10 - -2. What is the tens digit of (-6)/w + 726/24?
3
Let c(d) = 11*d**2 + 6*d + 1. What is the 